Dec 01 07:02:56.150 INFO testing oeb25/sql-fmt against master#8940af3cea4a9a9deabcaf843b2f8cad9a83fc61 for beta-1.31-5
Dec 01 07:02:56.151 INFO running `"docker" "create" "-v" "/mnt/big/crater/work/local/target-dirs/beta-1.31-5/worker-6/master#8940af3cea4a9a9deabcaf843b2f8cad9a83fc61:/target:rw,Z" "-v" "/mnt/big/crater/work/local/test-source/worker-6/beta-1.31-5/master#8940af3cea4a9a9deabcaf843b2f8cad9a83fc61:/source:ro,Z" "-v" "/mnt/big/crater/work/local/cargo-home:/cargo-home:ro,Z" "-v" "/mnt/big/crater/work/local/rustup-home:/rustup-home:ro,Z" "-e" "USER_ID=1000" "-e" "SOURCE_DIR=/source" "-e" "USER_ID=1000" "-e" "CMD=cargo +8940af3cea4a9a9deabcaf843b2f8cad9a83fc61-alt build --frozen" "-e" "CARGO_TARGET_DIR=/target" "-e" "CARGO_INCREMENTAL=0" "-e" "RUST_BACKTRACE=full" "-e" "RUSTFLAGS=--cap-lints=warn" "-e" "CARGO_HOME=/cargo-home" "-e" "RUSTUP_HOME=/rustup-home" "-m" "1536M" "--network" "none" "crater"`
Dec 01 07:02:56.627 INFO [stdout] 204ba9b5b6fd874418e885d285e1f22b990d9486d88deda644f2e221b8b331ca
Dec 01 07:02:56.631 INFO running `"docker" "start" "-a" "204ba9b5b6fd874418e885d285e1f22b990d9486d88deda644f2e221b8b331ca"`
Dec 01 07:02:58.198 INFO [stderr] usermod: no changes
Dec 01 07:02:58.335 INFO [stderr]    Compiling pest v1.0.0-beta.16
Dec 01 07:02:58.335 INFO [stderr]    Compiling syn v0.10.8
Dec 01 07:02:58.336 INFO [stderr]    Compiling rayon-core v1.3.0
Dec 01 07:03:03.312 INFO [stderr]    Compiling rayon v0.9.0
Dec 01 07:03:08.571 INFO [stderr]    Compiling pest_derive v1.0.0-beta.16
Dec 01 07:03:17.195 INFO [stderr]    Compiling sql-fmt v0.1.0 (/source)
Dec 01 07:03:17.811 INFO [stderr] error[E0554]: #![feature] may not be used on the beta release channel
Dec 01 07:03:17.811 INFO [stderr]  --> src/lib.rs:1:1
Dec 01 07:03:17.811 INFO [stderr]   |
Dec 01 07:03:17.811 INFO [stderr] 1 | #![feature(try_from)]
Dec 01 07:03:17.811 INFO [stderr]   | ^^^^^^^^^^^^^^^^^^^^^
Dec 01 07:03:17.811 INFO [stderr] 
Dec 01 07:03:17.811 INFO [stderr] error[E0554]: #![feature] may not be used on the beta release channel
Dec 01 07:03:17.811 INFO [stderr]  --> src/lib.rs:2:1
Dec 01 07:03:17.811 INFO [stderr]   |
Dec 01 07:03:17.811 INFO [stderr] 2 | #![feature(match_default_bindings)]
Dec 01 07:03:17.811 INFO [stderr]   | ^^^^^^^^^^^^^^^^^^^^^^^^^^^^^^^^^^^
Dec 01 07:03:17.811 INFO [stderr] 
Dec 01 07:03:17.811 INFO [stderr] error[E0554]: #![feature] may not be used on the beta release channel
Dec 01 07:03:17.811 INFO [stderr]  --> src/lib.rs:3:1
Dec 01 07:03:17.811 INFO [stderr]   |
Dec 01 07:03:17.811 INFO [stderr] 3 | #![feature(box_patterns)]
Dec 01 07:03:17.811 INFO [stderr]   | ^^^^^^^^^^^^^^^^^^^^^^^^^
Dec 01 07:03:17.811 INFO [stderr] 
Dec 01 07:03:17.835 INFO [stderr] error: aborting due to 3 previous errors
Dec 01 07:03:17.835 INFO [stderr] 
Dec 01 07:03:17.835 INFO [stderr] For more information about this error, try `rustc --explain E0554`.
Dec 01 07:03:17.851 INFO [stderr] error: Could not compile `sql-fmt`.
Dec 01 07:03:17.851 INFO [stderr] 
Dec 01 07:03:17.851 INFO [stderr] To learn more, run the command again with --verbose.
Dec 01 07:03:17.855 INFO [stderr] su: No module specific data is present
Dec 01 07:03:19.411 INFO running `"docker" "inspect" "204ba9b5b6fd874418e885d285e1f22b990d9486d88deda644f2e221b8b331ca"`
Dec 01 07:03:19.751 INFO running `"docker" "rm" "-f" "204ba9b5b6fd874418e885d285e1f22b990d9486d88deda644f2e221b8b331ca"`
Dec 01 07:03:20.099 INFO [stdout] 204ba9b5b6fd874418e885d285e1f22b990d9486d88deda644f2e221b8b331ca
